 + 7/63. Calculate v(i).
1
Suppose -180 = -19*v + 48. Let a(x) = -x**2 + 10*x + 15. Calculate a(v).
-9
Suppose 10*y - 4975 + 5025 = 0. Suppose 3*r = 2 + 10. Let z(v) = v**3 + 2*v**2 + 5*v - v**2 + 7 + r*v**2. Calculate z(y).
-18
Let z(i) be the second derivative of i**5/20 + i**4/2 + i**3/6 + 3*i**2 - 185*i. Let y be z(-6). Let s(h) = -h**3 - 2*h - 7. Determine s(y).
-7
Let l(y) = y**3 - y**2 + y - 29. Suppose -19*r + 11*r = -19*r. Let k be ((-18)/6 - -3) + r. What is l(k)?
-29
Suppose -2*y = -5*o + 5 + 4, 0 = 4*y - 5*o + 13. Suppose 5*z = v - 96 - 43, 397 = 3*v - 5*z. Let h(k) = -243 + 3*k - k**3 + k**2 + 116 + v. Calculate h(y).
8
Let m(d) = -5*d**3 + 119*d**2 - 84*d - 180. Let p be m(23). Let a(t) = -4 - 1 + 3*t - 5*t**2 + 2*t**3 - t**3. What is a(p)?
-9
Let r(p) = -236*p - p**2 + 61*p - 75 + 62*p + 65*p + 66*p. Determine r(9).
6
Let s(q) = -3*q + 5. Let w(b) be the second derivative of -b**5/20 - b**4 + 7*b**3/3 + 9*b**2/2 + 28*b. Let t be w(-13). Calculate s(t).
17
Let i(j) = 107*j**3 + j**2 + 33*j + 16. Let u(c) = 67*c**3 + c**2 + 22*c + 11. Let a(t) = 5*i(t) - 8*u(t). Give a(-4).
52
Suppose -140*c + 23 = -137*c - g, 2 = 2*c - 4*g. Let f(b) = 3*b**3 - 27*b**2 + 4*b - 35. Give f(c).
1
Suppose 6 = 3*r - 18. Let y = 937 - 935. Let q(b) = 203 - 208 + 0*b + y*b - b. Determine q(r).
3
Let u be 0*2/(-4 + 6). Let d(h) be the second derivative of -h**5/20 + h**4/12 + h**3/6 - 2*h**2 + 168*h. Determine d(u).
-4
Let w(v) = -3346*v + 3350*v - 34*v**2 + 30*v**2 - 6. Determine w(2).
-14
Let b = -32 + 40. Suppose 139 = b*h - 53. Let n be (30/h)/(1/(-4)). Let i(v) = v**3 + 5*v**2. Give i(n).
0
Suppose -5*q = -3*t - 27, -4*q + 23 = q - 2*t. Let n(g) = 6*g**3 + g**2 - 3*g. Let a(d) = -5*d**3 + 3*d + 1. Let v(z) = 4*a(z) + 3*n(z). Calculate v(q).
-14
Let g(z) = 85*z + 35. Let a(j) = 18*j + 7. Let n(x) = 11*a(x) - 2*g(x). Calculate n(-2).
-49
Let w(h) be the second derivative of -h**4/3 - 65*h**3/6 - 9*h**2 + 153*h. Let d be w(-16). Let m(a) = -3*a**3 - 3*a**2 - a + 2. Determine m(d).
16
Let r(j) be the third derivative of -j**6/360 - 7*j**5/120 + 5*j**4/24 - 125*j**3/6 - 55*j**2. Let y(a) be the first derivative of r(a). Give y(-7).
5
Let n(c) = -c - 3. Suppose -17*m + 2066 = -2813. Let o = m + -286. What is n(o)?
-4
Let s(r) = 4*r**2 - 4. Let q(p) = -5*p**2 + 2 + 3 + 0 + 0*p**2. Let g(a) = -3*q(a) - 4*s(a). What is g(-4)?
-15
Let i be -16*(-9)/(-12) - -11. Let x(v) = -4*v**3 - v**2 + 2*v + 2. Calculate x(i).
3
Let l(x) be the second derivative of x**4/12 + 7*x**3/6 - 5*x**2 + x. Let n be -1*2*((-14)/(-4) + -5). Suppose r = -y + n*y - 16, 4*y = -2*r. Calculate l(r).
-2
Let x be (-1*(0 + 0))/1. Let f(r) = -4. Let l(d) = d + 3. Let h(c) = 5*f(c) + l(c). Calculate h(x).
-17
Let b(y) = y**2 + 8*y - 1 - 9*y**2 + y**3 + 0*y**2 - 1. Suppose 13 + 259 = 4*i. Let h = -61 + i. Give b(h).
5
Let k(l) = l**3 + 7*l**2 - 6*l + 12. Let m be 1603/49 + (-10)/(-35). Let f be m/(-4) - ((-78)/24 + 3). Calculate k(f).
-4
Let h(v) = -55501 + 55501 + 8*v + v**3 - 8*v**2. Let u(j) = -2*j**2 - 11*j - 5. Let y be u(-4). Calculate h(y).
7
Let p(w) = -2*w**3 - w**2 + w - 1. Let y(i) = 1 + 1 - 3 + 3 - i + 3*i**3 + 2*i**2. Suppose 38*j + 15 = 33*j. Let a(u) = j*y(u) - 5*p(u). Determine a(-1).
-1
Let y(v) = 16*v**3 + 1. Let r(b) = -b**2 - 15*b + 14. Let f be r(-16). Let x be 12/14 + f + 135/63. Calculate y(x).
17
Let x(k) be the third derivative of k**5/60 + 5*k**4/24 - k**3/6 - 18*k**2. Let r = 76 - 75. Suppose o + l + 4 = 0, -o = -3*l + l + r. What is x(o)?
-7
Let w(z) = z**3 - 5*z**2 - 1 - 3*z**2 + 9*z - 2*z**2. Suppose -y + 20 = 3*y, -4*y = -2*k - 6. Suppose a + 3*c = 0, 5*c + 8 = -k. Give w(a).
-1
Let z(t) = t**3 + 11*t**2 - 11*t + 6. Let x(r) = -13*r - 405. Let k be x(-24). Suppose 6*w - 243 = 3*w. Let u = w + k. Determine z(u).
-6
Let a = 116 - 121. Let v be (a/4)/((-31)/(-124)). Let j(q) = -q**3 - 7*q**2 - 8*q - 3. What is j(v)?
-13
Let f be (-9)/(5 - 6) - (7 + -1). Suppose v - 22 = -3*i, -8 + 28 = 5*v - f*i. Let o(r) = r**2 - 6*r - 4. What is o(v)?
3
Let c(w) = w**3 + w**2 + w + 1. Let s(q) = -2*q**3 - 8*q**2 + 6*q - 1. Suppose -3*n - 2*h = -5*h, -n + 4 = 3*h. Let u(g) = n*s(g) + c(g). Give u(-8).
8
Suppose -19*b = -22*b + 39. Suppose 2*n + 12 - b = -3*f, 9 = -2*n - f. Let l(p) = -7*p + 3. Let w(u) = u**2 + u + 1. Let x(t) = -l(t) + w(t). Determine x(n).
-9
Suppose 4*f = 3*w - 43, 3*w - 2*w = 5. Let n be (-3)/f - 8415/(-63). Let v(q) = -2*q + 7*q**3 - 2*q**2 + 63 + 70 - n. Determine v(-1).
-8
Let k = -71 - -73. Suppose -12*f - 5*b = -7*f + 25, -4 = k*b. Let p(d) = -d**3 + d + 3. Calculate p(f).
27
Suppose 95 = -42*v - 20 - 221. Let c(z) = -16*z - 166. Give c(v).
-38
Let a(j) be the third derivative of -j**5/60 + j**4/12 - j**3/6 + 14*j**2 - 7*j. Let y be (2 - 4)/(-3 - -2). Determine a(y).
-1
Let p = -18 - -19. Suppose v + d = 0, -5*v = -2*d - 6 - p. Let i(s) = s**3 - 1 - 53*s**2 + s + 53*s**2. Determine i(v).
1
Suppose 62 = -2*o + 22. Let l be (-1 - o) + -1*(-6)/(-2). Let d(y) = -l*y**2 - 1 + 27*y**2 - 22*y**2. Calculate d(-1).
-12
Let j(k) be the third derivative of -k**6/120 + k**5/30 + k**4/8 - k**3/3 - k**2. Let s(u) = 99*u - 3. Let w be s(-4). Let o = w - -401. Determine j(o).
4
Let r(l) = l**3 + 10*l**2 - 3*l - 5. Let a be ((-4)/6)/((-7)/(-105)). Calculate r(a).
25
Let i(t) = -t**3 - 9*t**2 + 13*t - 8. Suppose 6*u = 5*z - 50, -5*u + 3*z - 61 + 17 = 0. What is i(u)?
-38
Let w = -4539 + 4548. Let n(b) = -22*b + 201. What is n(w)?
3
Suppose 38 = 8*h - 2*a, 3*h + 4*a = 4*h - 16. Let z(s) be the third derivative of 2/3*s**3 - 1/24*s**h + 23*s**2 + 0*s + 0. Give z(5).
-1
Suppose -6*t - 5*t - 123 = -90. Let a be 2/(3/(-9)*-2). Let p(x) = 4*x - a*x**2 + 4 - x**3 - x + 0*x**2. Calculate p(t).
-5
Let k(y) = -5*y**3 + y**2 - 2*y + 1. Suppose -3*w + 4 = -2. Suppose w*d - 11 = -u, -4*u = d - 4*d. Suppose d*r = 2*r + 2. What is k(r)?
-5
Let o(i) = i**3 - 7*i**2 + 8. Let f(p) = p**2 - 17*p + 1. Let r be f(20). Let k = 68 - r. Determine o(k).
8
Let b(a) = 36*a + 1 - 4 - 37*a. Let f be 8/(-4) + (-390)/5. Let c be (64/f)/((-1)/(-5)). Determine b(c).
1
Suppose 28*h - 4241 = -4157. Let d(l) = -2*l**3 + 8*l**2 - 5*l - 7. Determine d(h).
-4
Let u(r) = 61*r**2 + 3*r - 28. Let h(v) = -168*v**2 - 8*v + 83. Let f(i) = -4*h(i) - 11*u(i). Calculate f(-9).
66
Let q(h) = -h**2 - 168*h - 515. Let u be q(-3). Let n(v) = 8*v + 165. What is n(u)?
5
Suppose 4*c - 10 = 6. Suppose 0 = -4*d + 8 + 12. Let i(a) = -d*a + a + 2*a + 3*a. Determine i(c).
4
Let h(j) = 27 - 12*j + 6*j + 10*j. Let f be 1*1050/(-120) - ((-2)/(-8))/1. Determine h(f).
-9
Let q(z) = 18*z + 134. Let g = 4325 - 4332. What is q(g)?
8
Let t(s) = -3*s - 1. Let q = -27 + 59. Suppose j + q = -14. Let f = -43 - j. What is t(f)?
-10
Let j(p) = 5*p - 1. Let c(a) = a - 2. Let v(r) = 4*r + 77. Let d be v(-19). Let u(y) = d*c(y) - j(y). Determine u(4).
-17
Let s(y) = -y**2 + 10*y - 4. Let q(j) be the first derivative of j**3/3 - 3*j**2/2 - 8*j - 3. Let n be q(4). Let f be (-6)/(n + 3) + 0. What is s(f)?
20
Let t(b) = -45*b + 2525. Let f be t(56). Let a(h) be the second derivative of 3/2*h**2 + 0 - 1/6*h**3 + 4*h. Give a(f).
-2
Let w be (-8)/(0 + (-4)/(-2)) - -12. Let c = 25 + w. Let n(s) = 3*s**2 - 34 + c - 3*s**2 - s - s**3. Calculate n(-1).
1
Let h(y) = y - 5. Let q be 4/(-26) + (-80)/(-520). Suppose q = -m + 3*g + 7, -97*m = -94*m + 2*g - 10. What is h(m)?
-1
Let k = 603 + -598. Let o(z) be the third derivative of 1/2*z**3 - 1/120*z**6 - 16*z**2 + 0 + 0*z - 1/12*z**k + 1/24*z**4. Calculate o(-5).
-2
Let b = 75 - 118. Let c(t) = 2*t + 86. Let h be c(b). Let z(q) = q**2 - q + 12. What is z(h)?
12
Let b be ((-2)/(-5))/(7/(-70)). Let i be 3*1/(-4)*b. Let u be 1 - (0 + i + -3). Let l(f) = 2*f. Calculate l(u).
2
Let w = -105 - -107. Suppose -x - w*s = 16, 3*x - 4*s + 4 = -x. Let h(j) = -j - 1. Let o(g) = 3*g + 1. Let c(z) = 4*h(z) + o(z). Determine c(x).
3
Let l(j) = -6*j + 0 - 1 - 6. Let f be l(3). Let k = f + 31. Let x(a) = -a + 5. Give x(k).
-1
Let m(b) be the first derivative of -b**4 + 0*b**2 - 95 + 1/3*b**3 - b. Give m(-1).
4
Let l(h) = 100*h**3 + 7*h**2 - 36*h + 12. Let f(g) = -46*g**3 - 3*g**2 + 17*g - 6. Let d(p) = -13*f(p) - 6*l(p). Calculate d(3).
-90
Let j(z) be the second derivative of z**4/12 + z**3/3 + 11*z**2/2 - 3585*z. Calculate j(7)